the remainder when 416981 is divided by 208484.
13
What is the remainder when 147760 is divided by 11?
8
What is the remainder when 2112 is divided by 443?
340
Calculate the remainder when 7562 is divided by 359.
23
Calculate the remainder when 14547 is divided by 7273.
1
What is the remainder when 552 is divided by 293?
259
Calculate the remainder when 49815 is divided by 939.
48
What is the remainder when 5395 is divided by 25?
20
What is the remainder when 13656 is divided by 38?
14
What is the remainder when 62444 is divided by 347?
331
Calculate the remainder when 8299 is divided by 8161.
138
What is the remainder when 1611958 is divided by 12?
10
Calculate the remainder when 12534 is divided by 1678.
788
Calculate the remainder when 849015 is divided by 1508.
11
What is the remainder when 24155 is divided by 18?
17
Calculate the remainder when 51041 is divided by 1889.
38
What is the remainder when 6852 is divided by 3417?
18
Calculate the remainder when 5884 is divided by 51.
19
Calculate the remainder when 841659 is divided by 1142.
5
Calculate the remainder when 4944 is divided by 144.
48
Calculate the remainder when 26013 is divided by 542.
539
What is the remainder when 22105 is divided by 78?
31
What is the remainder when 244480 is divided by 358?
324
What is the remainder when 7392 is divided by 256?
224
What is the remainder when 6859 is divided by 90?
19
What is the remainder when 16934 is divided by 9?
5
What is the remainder when 32953 is divided by 219?
103
What is the remainder when 55644 is divided by 296?
292
Calculate the remainder when 90 is divided by 53.
37
What is the remainder when 15296 is divided by 3698?
504
What is the remainder when 50378 is divided by 18?
14
Calculate the remainder when 2391 is divided by 140.
11
What is the remainder when 3322 is divided by 650?
72
What is the remainder when 42592 is divided by 19?
13
What is the remainder when 17047 is divided by 215?
62
What is the remainder when 17143 is divided by 17133?
10
What is the remainder when 58867 is divided by 223?
218
What is the remainder when 65494 is divided by 65486?
8
What is the remainder when 1152799 is divided by 131?
130
Calculate the remainder when 63097 is divided by 153.
61
What is the remainder when 1122518 is divided by 532?
530
Calculate the remainder when 31087 is divided by 898.
555
What is the remainder when 315 is divided by 62?
5
Calculate the remainder when 358341 is divided by 72.
69
Calculate the remainder when 114210 is divided by 169.
135
What is the remainder when 1775 is divided by 515?
230
What is the remainder when 805964 is divided by 36?
32
What is the remainder when 15680 is divided by 42?
14
Calculate the remainder when 13204 is divided by 119.
114
Calculate the remainder when 87295 is divided by 51.
34
Calculate the remainder when 3273 is divided by 21.
18
Calculate the remainder when 36857 is divided by 1036.
597
What is the remainder when 4246 is divided by 663?
268
Calculate the remainder when 8963 is divided by 127.
73
What is the remainder when 14135 is divided by 38?
37
What is the remainder when 664 is divided by 593?
71
Calculate the remainder when 1282 is divided by 43.
35
What is the remainder when 64987 is divided by 32488?
11
What is the remainder when 918 is divided by 300?
18
Calculate the remainder when 2146129 is divided by 217.
216
What is the remainder when 3978194 is divided by 299?
298
Calculate the remainder when 482 is divided by 448.
34
What is the remainder when 817476 is divided by 428?
424
Calculate the remainder when 31712 is divided by 18.
14
Calculate the remainder when 37748 is divided by 4194.
2
What is the remainder when 1882 is divided by 731?
420
What is the remainder when 123622 is divided by 1005?
7
What is the remainder when 349192 is divided by 72?
64
Calculate the remainder when 2939187 is divided by 28.
27
Calculate the remainder when 31128 is divided by 79.
2
What is the remainder when 67660 is divided by 358?
356
What is the remainder when 6840 is divided by 311?
309
Calculate the remainder when 3439 is divided by 376.
55
Calculate the remainder when 748 is divided by 175.
48
What is the remainder when 64725 is divided by 16179?
9
What is the remainder when 721 is divided by 324?
73
What is the remainder when 239774 is divided by 440?
414
Calculate the remainder when 592 is divided by 107.
57
What is the remainder when 866 is divided by 270?
56
What is the remainder when 84423 is divided by 28139?
6
Calculate the remainder when 242 is divided by 172.
70
What is the remainder when 108683 is divided by 14?
1
Calculate the remainder when 3710 is divided by 3688.
22
What is the remainder when 26328 is divided by 65?
3
What is the remainder when 1098 is divided by 3?
0
What is the remainder when 21256 is divided by 2657?
0
Calculate the remainder when 189114 is divided by 1801.
9
Calculate the remainder when 15751 is divided by 303.
298
Calculate the remainder when 194 is divided by 29.
20
Calculate the remainder when 1477 is divided by 737.
3
Calculate the remainder when 48660 is divided by 868.
52
Calculate the remainder when 1594 is divided by 40.
34
Calculate the remainder when 2450870 is divided by 816954.
8
What is the remainder when 153764 is divided by 9?
8
What is the remainder when 60698 is divided by 30339?
20
What is the remainder when 12111 is divided by 26?
21
What is the remainder when 3109 is divided by 78?
67
Calculate the remainder when 168030 is divided by 268.
262
Calculate the remainder when 37369 is divided by 136.
105
Calculate the remainder when 393933 is divided by 87.
84
Calculate the remainder when 159936 is divided by 430.
406
Calculate the remainder when 144777 is divided by 382.
381
Calculate the remainder when 4462 is divided by 210.
52
Calculate the remainder when 1463 is divided by 361.
19
What is the remainder when 609182 is divided by 3124?
2
Calculate the remainder when 39106 is divided by 7.
4
What is the remainder when 1243 is divided by 156?
151
Calculate the remainder when 60165 is divided by 6.
3
What is the remainder when 2546 is divided by 164?
86
Calculate the remainder when 213310 is divided by 39.
19
Calculate the remainder when 9093 is divided by 428.
105
What is the remainder when 168153 is divided by 413?
62
Calculate the remainder when 1454 is divided by 1431.
23
What is the remainder when 3020 is divided by 522?
410
Calculate the remainder when 15051 is divided by 10.
1
What is the remainder when 756 is divided by 634?
122
What is the remainder when 16232 is divided by 463?
27
What is the remainder when 2688 is divided by 125?
63
Calculate the remainder when 1544 is divided by 477.
113
What is the remainder when 398925 is divided by 131?
30
Calculate the remainder when 3732705 is divided by 278.
277
Calculate the remainder when 21933 is divided by 5455.
113
What is the remainder when 210997 is divided by 342?
325
What is the remainder when 2760 is divided by 125?
10
Calculate the remainder when 11521 is divided by 206.
191
What is the remainder when 41323 is divided by 252?
247
Calculate the remainder when 88 is divided by 9.
7
What is the remainder when 5991 is divided by 672?
615
What is the remainder when 7006 is divided by 397?
257
Calculate the remainder when 837477 is divided by 131.
125
Calculate the remainder when 31674 is divided by 10532.
78
Calculate the remainder when 251 is divided by 90.
71
What is the remainder when 386966 is divided by 96739?
10
Calculate the remainder when 2176 is divided by 599.
379
What is the remainder when 454230 is divided by 162?
144
What is the remainder when 1196680 is divided by 199444?
16
What is the remainder when 356677 is divided by 71326?
47
Calculate the remainder when 117883 is divided by 137.
63
What is the remainder when 154876 is divided by 22125?
1
Calculate the remainder when 329297 is divided by 3920.
17
What is the remainder when 9505 is divided by 340?
325
Calculate the remainder when 35575 is divided by 1044.
79
Calculate the remainder when 324303 is divided by 419.
416
Calculate the remainder when 705028 is divided by 1197.
1192
What is the remainder when 66710 is divided by 124?
122
Calculate the remainder when 730776 is divided by 483.
480
Calculate the remain